late the remainder when 1883 is divided by 1867.
16
Calculate the remainder when 4813 is divided by 201.
190
What is the remainder when 1624 is divided by 50?
24
Calculate the remainder when 73449 is divided by 14688.
9
What is the remainder when 46990 is divided by 40?
30
What is the remainder when 645 is divided by 324?
321
What is the remainder when 185778 is divided by 38?
34
What is the remainder when 37535 is divided by 84?
71
Calculate the remainder when 1204 is divided by 1132.
72
What is the remainder when 56415 is divided by 164?
163
What is the remainder when 1145 is divided by 31?
29
What is the remainder when 20498 is divided by 111?
74
Calculate the remainder when 14292 is divided by 2858.
2
Calculate the remainder when 2660 is divided by 1283.
94
What is the remainder when 241316 is divided by 154?
152
Calculate the remainder when 4985 is divided by 3150.
1835
What is the remainder when 122099 is divided by 866?
859
What is the remainder when 149266 is divided by 42?
40
Calculate the remainder when 775464 is divided by 155088.
24
What is the remainder when 14471 is divided by 902?
39
What is the remainder when 14195 is divided by 14166?
29
What is the remainder when 38595 is divided by 297?
282
Calculate the remainder when 14585 is divided by 612.
509
What is the remainder when 4948 is divided by 62?
50
Calculate the remainder when 38455 is divided by 22.
21
What is the remainder when 13287461 is divided by 389?
388
Calculate the remainder when 60093 is divided by 285.
243
What is the remainder when 2059 is divided by 904?
251
What is the remainder when 4314 is divided by 1072?
26
Calculate the remainder when 170148 is divided by 41.
39
What is the remainder when 2594 is divided by 22?
20
What is the remainder when 4849 is divided by 1925?
999
Calculate the remainder when 8146 is divided by 386.
40
Calculate the remainder when 10790 is divided by 300.
290
Calculate the remainder when 4415 is divided by 190.
45
Calculate the remainder when 5188 is divided by 661.
561
What is the remainder when 16348 is divided by 1466?
222
What is the remainder when 13981 is divided by 118?
57
What is the remainder when 1523 is divided by 248?
35
What is the remainder when 62387 is divided by 164?
67
Calculate the remainder when 3945 is divided by 57.
12
What is the remainder when 10665 is divided by 3533?
66
What is the remainder when 1857023 is divided by 806?
805
What is the remainder when 37227 is divided by 9000?
1227
What is the remainder when 8210 is divided by 357?
356
What is the remainder when 130964 is divided by 113?
110
What is the remainder when 241624 is divided by 60402?
16
Calculate the remainder when 37946 is divided by 6316.
50
Calculate the remainder when 53291 is divided by 64.
43
Calculate the remainder when 15225 is divided by 1495.
275
Calculate the remainder when 1986 is divided by 973.
40
Calculate the remainder when 1602 is divided by 236.
186
Calculate the remainder when 8769 is divided by 225.
219
Calculate the remainder when 230237 is divided by 10.
7
Calculate the remainder when 233 is divided by 102.
29
What is the remainder when 6298 is divided by 126?
124
Calculate the remainder when 21033 is divided by 292.
9
Calculate the remainder when 38532 is divided by 2406.
36
What is the remainder when 17054 is divided by 611?
557
What is the remainder when 50841 is divided by 12?
9
Calculate the remainder when 16916 is divided by 529.
517
What is the remainder when 607 is divided by 512?
95
What is the remainder when 94009 is divided by 170?
169
What is the remainder when 23896 is divided by 31?
26
Calculate the remainder when 8116 is divided by 733.
53
Calculate the remainder when 93977 is divided by 32.
25
What is the remainder when 3045 is divided by 1521?
3
Calculate the remainder when 90021 is divided by 297.
30
What is the remainder when 17939 is divided by 11?
9
What is the remainder when 25183 is divided by 1167?
676
Calculate the remainder when 255662 is divided by 205.
27
Calculate the remainder when 2537183 is divided by 32.
31
What is the remainder when 415676 is divided by 1474?
8
Calculate the remainder when 408 is divided by 186.
36
What is the remainder when 411624 is divided by 241?
237
What is the remainder when 465 is divided by 79?
70
Calculate the remainder when 33504 is divided by 33173.
331
Calculate the remainder when 30425 is divided by 2170.
45
What is the remainder when 176290 is divided by 81?
34
What is the remainder when 8533 is divided by 88?
85
What is the remainder when 12249 is divided by 612?
9
What is the remainder when 375166 is divided by 171?
163
What is the remainder when 96574 is divided by 437?
434
Calculate the remainder when 9401 is divided by 165.
161
What is the remainder when 92050 is divided by 159?
148
Calculate the remainder when 80147 is divided by 10.
7
Calculate the remainder when 2405 is divided by 625.
530
Calculate the remainder when 14252 is divided by 4712.
116
Calculate the remainder when 108578 is divided by 811.
715
What is the remainder when 4514 is divided by 1727?
1060
Calculate the remainder when 1334715 is divided by 891.
888
What is the remainder when 5396 is divided by 1078?
6
Calculate the remainder when 159860 is divided by 159822.
38
Calculate the remainder when 137882 is divided by 326.
310
Calculate the remainder when 379230 is divided by 998.
988
What is the remainder when 564 is divided by 550?
14
What is the remainder when 1092193 is divided by 254?
247
Calculate the remainder when 2104 is divided by 39.
37
Calculate the remainder when 2164 is divided by 185.
129
Calculate the remainder when 8201 is divided by 1778.
1089
Calculate the remainder when 1201 is divided by 309.
274
What is the remainder when 28775 is divided by 70?
5
Calculate the remainder when 380 is divided by 22.
6
What is the remainder when 205187 is divided by 3664?
3
What is the remainder when 669237 is divided by 65?
62
Calculate the remainder when 3615 is divided by 216.
159
What is the remainder when 1250 is divided by 93?
41
What is the remainder when 460731 is divided by 927?
12
What is the remainder when 127381 is divided by 25476?
1
Calculate the remainder when 2507 is divided by 421.
402
What is the remainder when 3742 is divided by 86?
44
What is the remainder when 267426 is divided by 291?
288
What is the remainder when 20970 is divided by 261?
90
What is the remainder when 12842 is divided by 4249?
95
What is the remainder when 1059 is divided by 340?
39
Calculate the remainder when 1305 is divided by 325.
5
Calculate the remainder when 3495 is divided by 169.
115
Calculate the remainder when 3954 is divided by 248.
234
What is the remainder when 6805 is divided by 455?
435
Calculate the remainder when 5482 is divided by 819.
568
What is the remainder when 911393 is divided by 62?
55
What is the remainder when 1410239 is divided by 1130?
1129
Calculate the remainder when 37910 is divided by 243.
2
Calculate the remainder when 7395 is divided by 202.
123
What is the remainder when 220741 is divided by 703?
702
Calculate the remainder when 11843229 is divided by 2064.
2061
What is the remainder when 3629 is divided by 1793?
43
What is the remainder when 24528 is divided by 225?
3
Calculate the remainder when 2126669 is divided by 205.
204
What is the remainder when 11888 is divided by 3947?
47
Calculate the remainder when 60752 is divided by 62.
54
Calculate the remainder when 71776 is divided by 388.
384
What is the remainder when 88180 is divided by 54?
52
Calculate the remainder when 3315 is divided by 100.
15
What is the remainder when 24188 is divided by 670?
68
What is the remainder when 750 is divided by 609?
141
Calculate the remainder when 18596 is divided by 63.
11
What is the remainder when 2292260 is divided by 14?
12
Calculate the remainder when 3308 is divided by 54.
14
What is the remainder when 2248 is divided by 547?
60
What is the remainder when 7157 is divided by 1986?
1199
Calculate the remainder when 2528 is divided by 424.
408
What is the remainder when 36130 is divided by 1337?
31
What is the remainder when 1879 is divided by 307?
37
Calculate the remainder when 10083 is divided by 34.
19
What is the remainder when 238 is divided by 229?
9
C